Suppose 0 = -2*y + 3*s + 83, -4*s + 141 = 4*y - 5*s. Calculate the greatest common factor of y and 2057.
17
Let m be ((-1967)/28)/((-3)/(-9))*-4. Calculate the highest common factor of 9554 and m.
281
Suppose 0 = 2*u + 3*u - 75. Suppose u*m + 6 = 21*m. Calculate the highest common divisor of 3 and m.
1
Let k = -29 - -71. Suppose -3*j + 168 = 2*x, 6*x - 26 = -2*j + 86. Calculate the greatest common divisor of k and j.
14
Suppose 12*u = 27*u - 60. Let r = 256 + -255. Calculate the greatest common factor of u and r.
1
Suppose -2*y = -2*v + 70, -3 = 5*v - 2*y - 193. Let b = -144 - -158. Suppose k = j - 13, b*k = 9*k + 15. What is the highest common divisor of j and v?
8
Let u = -165 - -373. Let g(k) = -8*k - 223. Let y be g(-36). Calculate the greatest common factor of u and y.
13
Let d be 4/(-10)*(-1265)/11. Let l(o) = o**3 + 14*o**2 + 14*o + 21. Let p be l(-11). What is the highest common factor of p and d?
46
Let n(s) = -s**2 - 2*s + 41. Let w(i) = -1. Let t(k) = -n(k) - 2*w(k). Let h be t(11). Calculate the greatest common factor of h and 8.
8
Let v(m) = 18*m + 50. Let a be (-77)/(-5) - ((-64)/(-20))/8. Let b be v(a). What is the highest common factor of 10 and b?
10
Let l be (25/(-10))/5*10 + 11. Let g be 786/(-168)*-7 - l/8. Suppose 5*j - 16 = 4*j. Calculate the highest common divisor of j and g.
16
Let z = -4790 + 5267. What is the greatest common divisor of 1749 and z?
159
Let j = 4526 - 2173. What is the highest common divisor of j and 39?
13
Let w(f) = 9*f**3 - 2*f**2 - 1. Let a be 2 + -2 + -40 + -2. Let g = a + 44. Let r be w(g). What is the greatest common factor of r and 9?
9
Suppose 135321*g - 135314*g - 4788 = 0. What is the greatest common divisor of g and 532?
76
Let j = -6239 - -6767. What is the highest common divisor of j and 132?
132
Let u(i) = i**2 - i - 8. Let a be u(5). Suppose 17 = o - s + 4*s, 2*s - a = -o. Suppose -5*y + 20 = 5. What is the greatest common divisor of o and y?
1
Let i be 2*12/(-8) + 2. Let z be i - ((-15)/3 - 36). Let g be (z/(-14))/(30/(-175))*3. Calculate the highest common factor of g and 400.
50
Suppose -2*k = -k + 2*k. Suppose -11*y + 4*y + 14 = k. Let s be (1 - 0)*(-1)/y*-88. Calculate the greatest common divisor of s and 4.
4
Suppose 52 + 55 = 26*o - 335. Calculate the greatest common divisor of o and 9673.
17
Let u = -767 - -758. Let b be ((-13)/78*u)/(3/26). Calculate the greatest common factor of b and 91.
13
Suppose -n + 6*b + 16 = 4*b, -3*b - 52 = -5*n. Suppose 4*i = -n, 4*o + i + 117 = 5*o. What is the highest common divisor of 184 and o?
23
Let w(x) = 120*x**2 + 8*x - 8. Let s(y) = 241*y**2 + 16*y - 16. Let n(u) = -2*s(u) + 5*w(u). Let a be n(-2). What is the highest common factor of a and 168?
56
Let v = -3 - -5. Suppose t - 3*t = -4*n - 22, -2*n - 16 = -v*t. Suppose 79 = t*d - 71. Calculate the highest common divisor of d and 50.
10
Let f = -92 - -122. What is the greatest common factor of f and 8070?
30
Let o be (-10 - -14)*1/(-1). Let n be ((-15)/10)/1*o. What is the greatest common divisor of 42 and n?
6
Let n = 200 - 191. Calculate the highest common divisor of 3501 and n.
9
Suppose 36*g - 16*g - 817155 = -213195. What is the highest common factor of g and 42?
42
Suppose -5*b - 14 = -39. Suppose -2*h = -b*h - 2*d + 181, 0 = d + 4. Suppose 0 = -3*m + h - 3. What is the greatest common factor of 30 and m?
10
Suppose 74 = -l - v + 346, -3*l - 4*v + 818 = 0. Suppose 2081*s = 2076*s + l. Calculate the greatest common divisor of 234 and s.
18
Let c be (2/(-4))/(1137/114 - 10) + 6. Calculate the greatest common divisor of 155 and c.
5
Let a(f) = 26*f + 66. Let p be a(4). Suppose 7*q - 6*q = 3*m + 170, -q - 4*m + p = 0. What is the highest common factor of q and 30?
10
Let y be (-19)/(-7) - 6/(-21). Suppose 0*i - 3*i - y*p - 267 = 0, 344 = -4*i - p. Let h = i - -176. Calculate the highest common divisor of h and 13.
13
Let t be 1638/8 + (-22)/8 + 2. Suppose -i = h - 17 - t, -4*h = 0. Calculate the greatest common factor of i and 26.
13
Suppose 19585 - 5297 = 8*c. What is the greatest common factor of 152 and c?
38
Let a be (1860/90)/((-2)/(-129)). Calculate the greatest common divisor of a and 215.
43
Suppose 0 = o + 55 - 52, -9*k = -5*o - 177. Calculate the highest common divisor of k and 954.
18
Let b be 10/3*15/25. Suppose 5*m + 18 = -u, -2*u + 24 = 4*m - 9*m. Suppose u*v - 972 = -b*v. What is the highest common divisor of 27 and v?
27
Suppose 0 = -c - 4*a + 24, -141*a - 57 = -5*c - 140*a. Let u be 45/2*36/(-27). Let i be (144/15)/((-4)/u). Calculate the greatest common divisor of i and c.
12
Let b = 329 - 252. Suppose 68*r = b*r - 144. Let h = -2 - -6. Calculate the greatest common divisor of r and h.
4
Let j(l) = 85*l. Let o be j(1). Let u = -118305 + 118315. What is the highest common divisor of o and u?
5
Let h be (-592)/(-208) - (-4)/26. Suppose 0 = 5*d - 3*d + 32. Let j be (d/(-6))/(h/9). Calculate the highest common divisor of 8 and j.
8
Suppose 0 = -z + r - 26, z = 2*r + 11 - 33. Let h = 463 + -465. Let a be (36/z)/(6/(-165)) - h. Calculate the greatest common divisor of 7 and a.
7
Let r(f) = f**2 - 37*f - 198. Let z be r(-6). Let p(v) = 4*v + 24 - 5*v + 2*v. Let i be p(0). Calculate the greatest common divisor of z and i.
12
Let v = -4 - -4. Let u be -34*(4 - 0)/(-8)*19. Suppose 6*f - 1853 + u = v. Calculate the highest common factor of 15 and f.
15
Let t be 1/(2/(-30)*-1). Suppose 17*l - 24 = t*l. What is the greatest common factor of l and 9?
3
Let g(a) = 25*a**2 + 48*a - 33. Let y be g(-18). Calculate the highest common divisor of 7 and y.
7
Let b(f) = f**3 + 13*f**2 + 39*f + 2. Let g be (-20)/10*(-4)/(-1). Let z be b(g). Calculate the highest common divisor of z and 90.
10
Let r be ((-38)/(-152))/((-1)/(-12696)). What is the highest common divisor of r and 12?
6
Suppose 0 = 3*q - 5*q + 1470. Suppose 0 = 4*p - p - q. Suppose -49 + 24 = -5*t, -2*n - 3*t = -85. What is the greatest common divisor of n and p?
35
Suppose 5*h - 2*z - 30 = 0, -52 + 10 = -4*h - 2*z. Suppose 493 + 115 = h*w. What is the highest common factor of w and 38?
38
Let b be ((-170)/119)/((-6)/21 - 0). Suppose 21 = 2*o - 3*t, b*t - 6*t = -2*o + 19. What is the greatest common factor of 99 and o?
9
Suppose -21*o + 100104 = 277*o + 90*o. What is the greatest common factor of o and 688?
86
Let r = -16 - -22. Let z = 1428 + 34. Let l = 1492 - z. What is the highest common divisor of r and l?
6
Let d(p) = -p**3 + 11*p**2 - 5*p - 14. Let m be d(10). Let c be 22*9/(m/8). Suppose -13*h + 1654 + 62 = 0. Calculate the greatest common divisor of h and c.
44
Let c be ((-1)/2)/(((-106)/(-530))/((-516)/10)). What is the highest common factor of 2924 and c?
43
Let j(z) = -514*z + 6603. Let c be j(12). What is the highest common divisor of 2370 and c?
15
Suppose -4*b = -v - 220, -232 = 145*b - 149*b + 4*v. Let x(d) = d**3 + 12*d**2 - 14*d - 33. Let o be x(-12). Calculate the greatest common factor of b and o.
27
Suppose 2*q = -14 + 32. Let p be 244800/5040 - ((-8)/(-14) + -1 + 1) - 9. Calculate the highest common divisor of q and p.
3
Suppose -5*m + 2 = 2*h - 18, 0 = -3*m - 5*h + 31. Suppose -m*v = -3*i + 17, 4*v + 3 = i + 4. Calculate the highest common divisor of 469 and i.
7
Suppose 8*l + 511 = -513. Let u be l*12/(-30)*(-10)/(-8). Calculate the highest common divisor of 2 and u.
2
Let k(j) = 4*j + 31. Let m be k(-13). Let y(o) = o**2 + 29*o + 172. Let i be y(m). What is the highest common factor of i and 432?
4
Let f = 218 + -152. Suppose -3*r - 4*a + 48 = -f, 5*r - 2*a - 164 = 0. Calculate the greatest common divisor of r and 493.
17
Let u(z) be the second derivative of 17*z**4/12 + 3*z**3 - 9*z**2 + 159*z. Let w be u(1). Calculate the greatest common factor of w and 136.
17
Let d be 144/78 + -2 - (-160)/26. Suppose -2*r = -d*r - 4*k + 16, 0 = -r - 5*k. What is the highest common factor of 40 and r?
5
Suppose 0 = 163*m - 3889 - 4424. Calculate the greatest common divisor of 7089 and m.
51
Let r be 5/(-25) - 3*33/(-45). Suppose -53 = -q - 4*c + 23, -152 = -r*q - 2*c. What is the greatest common divisor of 38 and q?
38
Let y = 32 + -19. Let f = y - 21. Let u(k) = -k**3 - 9*k**2 - 12*k - 19. Let d be u(f). What is the greatest common factor of 39 and d?
13
Suppose 5*c - 95 = 5. Let r be ((-4)/5)/((-4)/c). Suppose -250 = 